 w*k + 1288 = 45*k. Calculate the greatest common factor of k and 14.
7
Let z(a) = 5*a**2 - 7*a - 5. Let d be z(-6). Let c be (-1)/((-1)/(-4)) + (6/2 - -5). Suppose -c*v + 35 = -d. Calculate the greatest common factor of 14 and v.
7
Let k = 219 - 11. Let f be 8/(-3)*(-624)/32. What is the greatest common factor of f and k?
52
Suppose -73*o + 3206 + 736 = 0. Calculate the highest common factor of 3483 and o.
27
Let d(c) = 3*c - 18. Let m be d(6). Suppose 0 = 4*i - m*i - 324. What is the highest common divisor of i and 108?
27
Let g = 7490 - 6446. Calculate the highest common factor of g and 324.
36
Let y(n) = -17*n - 14. Let b be y(-2). Suppose -25*s + 21*s = -j - 31, 5*j = 5*s - b. Calculate the highest common divisor of s and 333.
9
Suppose 8*r + 140 = 476. Let s(d) = -d**2 + 29*d - 133. Let f be s(7). Calculate the highest common factor of f and r.
21
Let s = 4667 + -4631. Suppose 3*z - 1203 = 6*k - k, -5*k + 1965 = 5*z. What is the greatest common divisor of z and s?
36
Let c = 496 - 491. Suppose -4*q = 2*m - 390, m - 4*q - c - 220 = 0. What is the highest common factor of m and 5?
5
Suppose -24*h + 27*h - 128 = -h. What is the highest common factor of 1864 and h?
8
Suppose 4*h = -4*h + 336. Let k(w) = -w**3 + 8*w**2 - 14*w - 8. Let j be k(5). Let f be -2 + 4 + (5 + j)*5. Calculate the greatest common factor of f and h.
6
Let n be ((-28)/(-12) - 2)/((-1)/(-3)). Suppose 0 = 2*v, 47 = 3*t - 3*v - n. Calculate the greatest common factor of 256 and t.
16
Suppose -x = -137*u + 140*u - 90, 5*u + 228 = 3*x. What is the greatest common divisor of x and 54?
27
Let s(t) = 108*t**2 + 170*t - 10. Let j be s(-5). What is the highest common divisor of j and 272?
16
Let v = 9411 - 9372. Calculate the highest common divisor of 672 and v.
3
Suppose -62 = -2*x + 2*y, -156 = -5*x + 2*y + 14. Calculate the highest common divisor of x and 618.
6
Let x(m) = -2*m**3 - m**2 + 8*m. Suppose -2*i - 4 = -4*s, -i - 5*s - 1 = 15. Let h be x(i). Calculate the greatest common factor of h and 12.
12
Let x be ((-195)/(-26) + -6)/(3/1736). Suppose 3*g = -9*z + 5*z + 1292, -x = -2*g + 4*z. Calculate the highest common factor of g and 54.
54
Let g(k) = -391*k**3 - 2*k**2 - 4*k - 8. Let m be g(-2). What is the greatest common divisor of 52 and m?
52
Let p(n) = -6*n**2 + 201*n + 105. Let x be p(34). Calculate the highest common factor of x and 2481.
3
Let b(x) = x**3 + 12*x**2 - 14*x + 5. Let z be b(-13). Let a = 140 - 143. Let s be (4 + a)*(-5)/(15/(-6)). What is the greatest common divisor of z and s?
2
Let u(l) = -l**3 - 31*l**2 - 217*l + 1. Let v be u(-23). What is the highest common divisor of v and 920?
40
Suppose -3*x = 3, -3*l + x = 3 + 5. Let c(m) = -2*m**3 - 2*m**2 + 11*m + 15. Let t be c(l). What is the highest common factor of t and 18?
18
Let z be ((117/6)/((-12)/(-32)))/2. Suppose l + 4 - 1 = 0, -3*k - 3*l + 108 = 0. Calculate the greatest common divisor of k and z.
13
Let s = 82 + -25. Let b = -1 + 3. Suppose 4*g + 15 = -b*a + s, -5*a + 14 = 3*g. Calculate the highest common divisor of 26 and g.
13
Suppose -22*l + 222 = -966. What is the highest common factor of l and 102?
6
Let g(y) = 2*y**3 - 18*y**2 - 4*y - 20. Let m be g(16). What is the greatest common divisor of 28 and m?
28
Let h(g) = 50*g + 4738. Let j be h(-77). Calculate the greatest common factor of j and 24.
24
Let z be (-12)/(-10)*(-15910)/777*-7. Suppose 0 = -2*j + 303 - 45. Calculate the greatest common factor of z and j.
43
Let k = 40 + 16. Let b = k - 28. Let q be 15 - ((6 - 11) + -1). What is the highest common factor of b and q?
7
Let b(r) = -105*r + 58. Let s(w) = -w**3 - 6*w**2 + 13*w + 37. Let g be s(-7). Let a be b(g). What is the highest common factor of 53 and a?
53
Let l be (192/(-9))/((-6)/189*1). Suppose -11*o - 5*o + l = 0. Calculate the greatest common divisor of 12 and o.
6
Suppose -303 - 174 = -53*d. Let z be 243 - 0*(-3)/d. What is the greatest common factor of z and 27?
27
Suppose 20*t - 2523756 = -95*t - 57*t. What is the highest common factor of t and 657?
219
Suppose -7*y = -8 - 90. Let a be 982/y + 3/(-21). Calculate the greatest common divisor of a and 21.
7
Let a(l) = 41*l**2 + 4*l + 7. Let s be a(-5). Let z(v) = -195*v + 2741. Let j be z(14). Calculate the highest common factor of j and s.
11
Let o be (57/(-4))/(18/(-48))*1. Suppose b - w - 128 = 0, w = -4*b - 3*w + 528. Let q = 225 - b. Calculate the greatest common divisor of o and q.
19
Suppose -2*q + 6 = -2. Suppose -f + 25 = q*f. Suppose 0 = -5*a + r + 67 + 8, 3*a - 73 = -f*r. Calculate the highest common factor of 2 and a.
2
Suppose 1246 = 4*o + 5*f, -3*o + 2*f - 2767 + 3736 = 0. Let r(y) = -y**3 - 3*y**2 - 3*y - 7. Let w be r(-5). Calculate the greatest common divisor of w and o.
29
Let u(i) = 7*i**2 - 70*i - 67. Let p be u(16). Calculate the greatest common divisor of p and 220.
55
Let p = -183 - -335. Let m = p - 38. Let y be (-2)/8 + 100/16. What is the greatest common factor of y and m?
6
Let h = 27 - -113. Let p be ((-36)/(-14))/(30/h). Let t be (5 + -2)*(-2 + 640/p). What is the greatest common factor of t and 14?
14
Let x(d) = -2*d**3 - d**2 - d + 1. Let s be x(-1). Suppose 2*o - s*n - 6 = 0, 3*o = -0*o + 3*n + 9. What is the greatest common factor of 3 and o?
3
Let i = -57 + 179. Let l = -102 + i. What is the highest common divisor of l and 10?
10
Let d(s) = -2*s**2 - s - 3. Let z be d(0). Let q(t) = t + 5. Let g be q(z). Suppose -3*i = g*i - 45. What is the highest common factor of 27 and i?
9
Let k(a) = 8*a**2 + 8*a + 60. Let z(m) = -3*m**2 - 3*m - 31. Let f(d) = 3*k(d) + 5*z(d). Let i be f(-2). Calculate the greatest common factor of i and 1763.
43
Suppose -36265 + 118390 = 15*a. What is the greatest common factor of a and 75?
75
Let a = 636 - 626. Let w = 16 - 26. Let v be 24/w*(-700)/21. Calculate the highest common factor of v and a.
10
Let z be 5 + (-55 - 5) + 3. Let v = 146 + z. Let a = v - 46. What is the greatest common divisor of a and 36?
12
Let d(x) = 11*x**2 + 8*x - 5. Let l be d(3). Suppose -18 = z - l. Let t be (z + 0 + 2)/(-2 + 4). What is the greatest common divisor of 561 and t?
51
Let m be -10 + 7 - (-284 - 5). Suppose -m*z + 289*z = 531. Calculate the highest common divisor of z and 59.
59
Let v be 18/24 - (891/(-12))/1. Let l be 15/v - 389/(-5). Let o(s) = -s + 45. Let m be o(19). Calculate the greatest common factor of m and l.
26
Suppose -71*q + 69*q + 5492 = 4*g, -4*q = 4*g - 5484. Calculate the highest common factor of g and 22.
11
Let q = 26 + -4. Suppose 386*z - 590*z + 38148 = 0. Calculate the highest common divisor of q and z.
11
Suppose 97*u + 6 = 91*u. Let t be (-9275)/(-210) + ((-1)/u)/(-6). Calculate the greatest common divisor of 187 and t.
11
Suppose 0 = -12*w - 68*w - 170*w + 527000. What is the greatest common divisor of 8 and w?
4
Let u(m) = m**2 - 13*m + 44. Let h be u(12). Suppose -11*r + 31 = -57. Calculate the highest common divisor of h and r.
8
Let g = 9831 + -9501. What is the highest common factor of 4 and g?
2
Let f be (-96)/(-4) + -1 + 2 + -1. Suppose f = 3*y + y. Suppose -3*x = 3*m + 3, 4 = y*m - m + 2*x. Calculate the greatest common factor of 4 and m.
2
Let s = 153 - 81. Suppose -s = -18*j + 162. Calculate the highest common divisor of 91 and j.
13
Let u = -16569 + 16580. What is the greatest common divisor of u and 1089?
11
Suppose 0 = -6*a - 9 - 39. Let o be (a/16)/((-5)/40). What is the greatest common divisor of 11 and o?
1
Suppose 119*f = 121*f + 5*x - 10083, 2*f + x = 10103. Calculate the greatest common factor of f and 133.
133
Let u(y) = -y**2 - 16*y - 76. Let g be u(-9). Let a be 24 - 26 - (g - -2). Suppose 175 = 2*l + 49. What is the greatest common factor of l and a?
9
Let f(q) = 2958*q + 1276. Let j(w) = -58*w - 25. Let o(d) = 4*f(d) + 203*j(d). Let k be o(4). What is the highest common factor of 58 and k?
29
Let v(f) = -f**3 - 11*f**2 + 16*f + 8. Let p be v(-14). What is the greatest common factor of 16926 and p?
186
Let g(v) = v**3 - 125*v**2 + 113*v + 1444. Let j be g(124). What is the highest common divisor of 1730 and j?
10
Suppose -132 = 2*w - 798. Let r(a) = 0*a + 1 + 4*a**2 - 6*a**2 + 27*a. Let j be r(12). Calculate the greatest common divisor of j and w.
37
Let g be -46*(3/(-2) + 1). Let x(t) = 616*t**3 + 4*t**2 + 6*t - 5. Let b be 